 the greatest common divisor of 649 and 55.
11
What is the greatest common factor of 696 and 246?
6
Calculate the highest common factor of 400 and 3800.
200
What is the highest common divisor of 205 and 41?
41
What is the highest common divisor of 192 and 6?
6
Calculate the highest common divisor of 95 and 3.
1
What is the highest common divisor of 105 and 525?
105
Calculate the greatest common divisor of 23 and 46.
23
Calculate the highest common factor of 392 and 441.
49
What is the highest common divisor of 819 and 6489?
63
What is the greatest common factor of 27 and 16443?
27
What is the highest common factor of 191 and 5921?
191
What is the greatest common divisor of 30 and 786?
6
Calculate the greatest common divisor of 176 and 272.
16
What is the highest common divisor of 138 and 1610?
46
Calculate the greatest common divisor of 7740 and 108.
36
Calculate the highest common factor of 75 and 285.
15
Calculate the greatest common divisor of 20 and 2020.
20
What is the highest common divisor of 4396 and 140?
28
Calculate the highest common factor of 40 and 65.
5
What is the greatest common divisor of 377 and 169?
13
What is the highest common divisor of 4418 and 94?
94
What is the greatest common divisor of 58 and 203?
29
What is the highest common factor of 595 and 833?
119
What is the highest common divisor of 1764 and 189?
63
What is the highest common divisor of 49 and 1617?
49
Calculate the highest common factor of 342 and 96.
6
Calculate the highest common factor of 176 and 48.
16
Calculate the greatest common factor of 3325 and 350.
175
What is the highest common factor of 64 and 1600?
64
Calculate the highest common divisor of 4 and 4584.
4
What is the highest common divisor of 161 and 138?
23
What is the highest common divisor of 29 and 58?
29
Calculate the greatest common factor of 1065 and 15.
15
What is the greatest common factor of 23 and 184?
23
What is the highest common factor of 60 and 24?
12
Calculate the greatest common factor of 50 and 2950.
50
Calculate the greatest common divisor of 459 and 85.
17
What is the greatest common factor of 81608 and 8?
8
What is the highest common factor of 66 and 462?
66
What is the highest common divisor of 112 and 3318?
14
What is the greatest common divisor of 60 and 225?
15
What is the highest common factor of 6 and 92?
2
Calculate the highest common factor of 5 and 2115.
5
Calculate the greatest common factor of 351 and 52.
13
What is the greatest common divisor of 41 and 70069?
41
What is the highest common divisor of 1769 and 244?
61
Calculate the greatest common factor of 61 and 1037.
61
Calculate the greatest common divisor of 176 and 144.
16
Calculate the greatest common factor of 90 and 70.
10
Calculate the highest common factor of 4165 and 340.
85
What is the highest common divisor of 6 and 58?
2
What is the greatest common factor of 351 and 189?
27
What is the highest common divisor of 8927 and 226?
113
Calculate the greatest common factor of 294 and 36.
6
What is the highest common divisor of 9927 and 9?
9
What is the greatest common divisor of 18 and 582?
6
Calculate the greatest common divisor of 20 and 340.
20
What is the greatest common factor of 72 and 264?
24
Calculate the greatest common divisor of 25130 and 70.
70
What is the greatest common factor of 1963 and 13?
13
Calculate the greatest common factor of 5 and 1145.
5
Calculate the greatest common divisor of 174 and 96.
6
Calculate the highest common factor of 11880 and 22.
22
What is the highest common divisor of 168 and 48?
24
Calculate the greatest common divisor of 12888 and 72.
72
What is the greatest common divisor of 288 and 126?
18
What is the highest common divisor of 4060 and 928?
116
What is the greatest common divisor of 50 and 1200?
50
What is the highest common divisor of 60 and 135?
15
Calculate the highest common factor of 2 and 10.
2
Calculate the greatest common divisor of 1978 and 46.
46
Calculate the highest common divisor of 22014 and 18.
18
What is the highest common divisor of 8144 and 24?
8
Calculate the highest common factor of 8 and 392.
8
Calculate the highest common factor of 344 and 8.
8
Calculate the greatest common divisor of 120 and 640.
40
What is the highest common factor of 48 and 1308?
12
Calculate the greatest common divisor of 545 and 3379.
109
What is the highest common factor of 600 and 6360?
120
What is the highest common divisor of 200 and 75?
25
What is the highest common factor of 168 and 264?
24
Calculate the greatest common divisor of 54 and 270.
54
What is the highest common divisor of 10 and 2566?
2
What is the highest common divisor of 188 and 235?
47
What is the highest common factor of 136530 and 410?
410
Calculate the highest common factor of 3612 and 84.
84
What is the greatest common divisor of 959 and 137?
137
What is the greatest common factor of 84 and 147?
21
Calculate the greatest common divisor of 388 and 6014.
194
What is the greatest common divisor of 86 and 817?
43
Calculate the highest common factor of 2695 and 980.
245
Calculate the highest common divisor of 6177 and 348.
87
What is the highest common factor of 595 and 425?
85
What is the greatest common divisor of 111 and 148?
37
What is the highest common factor of 295 and 19175?
295
Calculate the highest common factor of 12 and 23.
1
What is the highest common divisor of 5670 and 585?
45
Calculate the highest common factor of 455 and 105.
35
What is the highest common divisor of 880 and 48?
16
Calculate the highest common divisor of 710 and 100.
10
What is the highest common factor of 60 and 36?
12
Calculate the greatest common factor of 132 and 16.
4
Calculate the greatest common divisor of 144 and 180.
36
Calculate the highest common divisor of 53 and 848.
53
Calculate the highest common divisor of 24 and 4072.
8
Calculate the greatest common factor of 158 and 106966.
158
Calculate the greatest common factor of 40 and 24.
8
Calculate the greatest common divisor of 510 and 1360.
170
Calculate the highest common divisor of 39 and 387.
3
Calculate the greatest common divisor of 39 and 26.
13
What is the greatest common factor of 142 and 2343?
71
What is the highest common divisor of 930 and 60?
30
What is the greatest common factor of 48 and 9360?
48
Calculate the greatest common factor of 8868 and 8.
4
Calculate the greatest common divisor of 785 and 471.
157
Calculate the greatest common divisor of 67 and 1.
1
What is the highest common factor of 345 and 667?
23
What is the highest common divisor of 42 and 189?
21
What is the greatest common divisor of 52 and 2184?
52
What is the highest common divisor of 14 and 112?
14
What is the greatest common divisor of 1529 and 11?
11
Calculate the highest common factor of 45 and 345.
15
What is the highest common factor of 3640 and 30?
10
What is the greatest common factor of 1516 and 8?
4
Calculate the greatest common divisor of 235 and 329.
47
Calculate the greatest common factor of 300 and 2900.
100
Calculate the greatest common divisor of 40 and 65.
5
Calculate the greatest common factor of 72 and 99.
9
Calculate the greatest common divisor of 17451 and 63.
63
Calculate the greatest common divisor of 160 and 832.
32
Calculate the highest common divisor of 6 and 24.
6
Calculate the greatest common divisor of 330 and 27.
3
What is the greatest common factor of 54 and 162?
54
What is the greatest common divisor of 198 and 1287?
99
What is the greatest common divisor of 1640 and 40?
40
Calculate the highest common divisor of 82 and 410.
82
Calculate the highest common factor of 63 and 420.
21
What is the highest common divisor of 48 and 48?
48
Calculate the highest common factor of 528 and 32.
16
What is the greatest common divisor of 689 and 212?
53
What is the highest common factor of 946 and 198?
22
What is the greatest common divisor of 1300 and 9425?
325
Calculate the highest common divisor of 8056 and 19.
19
What is the highest common factor of 220 and 30?
10
What is the highest common divisor of 4640 and 80?
80
What is the highest common divisor of 256 and 8?
8
What is the highest common divisor of 532 and 152?
76
What is the greatest common factor of 90 and 30?
30
Calculate the highest common divisor of 489 and 5053.
163
What is the greatest c